58?
8
What is the units digit of 73035859?
9
What is the thousands digit of 743378187?
8
What is the tens digit of 250598032?
3
What is the thousands digit of 4159309601?
9
What is the units digit of 51079545?
5
What is the millions digit of 1044134799?
4
What is the tens digit of 11001916?
1
What is the hundred thousands digit of 56845952?
8
What is the ten thousands digit of 327611320?
1
What is the millions digit of 1228164281?
8
What is the hundred thousands digit of 1555200390?
2
What is the ten millions digit of 45923457?
4
What is the hundred millions digit of 585511445?
5
What is the millions digit of 34938076?
4
What is the ten thousands digit of 73544647?
4
What is the millions digit of 15325446?
5
What is the tens digit of 688761551?
5
What is the units digit of 12948189?
9
What is the hundreds digit of 30877302?
3
What is the ten millions digit of 31053772?
3
What is the ten millions digit of 1987405492?
8
What is the tens digit of 4416098?
9
What is the hundred millions digit of 530776217?
5
What is the thousands digit of 330040164?
0
What is the hundred thousands digit of 169440622?
4
What is the ten millions digit of 64984582?
6
What is the tens digit of 209600486?
8
What is the millions digit of 134693354?
4
What is the thousands digit of 339063711?
3
What is the tens digit of 898766468?
6
What is the tens digit of 106930922?
2
What is the units digit of 4910481354?
4
What is the hundred thousands digit of 6738171058?
1
What is the hundred thousands digit of 832660255?
6
What is the thousands digit of 6679110822?
0
What is the ten thousands digit of 3019413187?
1
What is the hundred millions digit of 584167559?
5
What is the millions digit of 160565645?
0
What is the hundreds digit of 25817688?
6
What is the ten millions digit of 20902268?
2
What is the ten millions digit of 162242127?
6
What is the units digit of 151299620?
0
What is the hundreds digit of 35416571?
5
What is the hundred millions digit of 126994476?
1
What is the tens digit of 893133472?
7
What is the billions digit of 5648005726?
5
What is the hundred millions digit of 196843955?
1
What is the tens digit of 1382062638?
3
What is the hundred thousands digit of 84050446?
0
What is the tens digit of 33877085?
8
What is the ten thousands digit of 273317175?
1
What is the thousands digit of 114828358?
8
What is the ten thousands digit of 45088640?
8
What is the units digit of 64225672?
2
What is the units digit of 1300891090?
0
What is the hundred millions digit of 3635936384?
6
What is the ten thousands digit of 367018762?
1
What is the thousands digit of 554653696?
3
What is the hundreds digit of 1039230722?
7
What is the millions digit of 87202780?
7
What is the units digit of 1103371593?
3
What is the ten thousands digit of 28965584?
6
What is the hundred millions digit of 104705671?
1
What is the units digit of 8880679?
9
What is the hundreds digit of 80361839?
8
What is the thousands digit of 20393149?
3
What is the thousands digit of 40118033?
8
What is the hundred thousands digit of 762220?
7
What is the billions digit of 2237079184?
2
What is the ten millions digit of 10937484?
1
What is the hundred thousands digit of 601052781?
0
What is the billions digit of 1225870708?
1
What is the units digit of 413805475?
5
What is the ten thousands digit of 3157532245?
3
What is the hundreds digit of 2323911476?
4
What is the units digit of 15014758?
8
What is the ten millions digit of 11936536?
1
What is the ten millions digit of 60715980?
6
What is the millions digit of 5583126318?
3
What is the hundred thousands digit of 4899729304?
7
What is the units digit of 1719787949?
9
What is the ten thousands digit of 258536580?
3
What is the hundred thousands digit of 8740901?
7
What is the ten thousands digit of 2095659050?
5
What is the hundreds digit of 90294240?
2
What is the tens digit of 296816913?
1
What is the ten millions digit of 207837843?
0
What is the units digit of 81059589?
9
What is the hundreds digit of 553787305?
3
What is the hundred millions digit of 273747833?
2
What is the hundred millions digit of 834507002?
8
What is the hundred thousands digit of 842323376?
3
What is the units digit of 260528318?
8
What is the billions digit of 1715789076?
1
What is the millions digit of 2408122697?
8
What is the ten thousands digit of 3388575026?
7
What is the hundred thousands digit of 618666455?
6
What is the millions digit of 1603868781?
3
What is the hundreds digit of 133152558?
5
What is the thousands digit of 102731238?
1
What is the ten thousands digit of 7872687608?
8
What is the hundred thousands digit of 24318943?
3
What is the hundred thousands digit of 177310142?
3
What is the ten millions digit of 64597683?
6
What is the units digit of 48105978?
8
What is the ten millions digit of 3067634954?
6
What is the ten millions digit of 272550848?
7
What is the millions digit of 121910020?
1
What is the ten millions digit of 68192029?
6
What is the units digit of 1511721884?
4
What is the hundred thousands digit of 1662663574?
6
What is the billions digit of 1468020305?
1
What is the hundred millions digit of 333141156?
3
What is the millions digit of 650210348?
0
What is the units digit of 1121938200?
0
What is the hundred thousands digit of 4609527864?
5
What is the hundreds digit of 18017838?
8
What is the hundred thousands digit of 106569604?
5
What is the hundreds digit of 1835760627?
6
What is the units digit of 4403433?
3
What is the hundred thousands digit of 38539258?
5
What is the hundred thousands digit of 78716575?
7
What is the millions digit of 75174475?
5
What is the tens digit of 58582610?
1
What is the hundred thousands digit of 642727129?
7
What is the ten thousands digit of 907469374?
6
What is the thousands digit of 27476288?
6
What is the units digit of 724475411?
1
What is the thousands digit of 7966637?
6
What is the ten millions digit of 1390635539?
9
What is the billions digit of 1475301789?
1
What is the units digit of 190655806?
6
What is the tens digit of 4432089477?
7
What is the ten thousands digit of 72296908?
9
What is the billions digit of 5504844281?
5
What is the hundreds digit of 91454793?
7
What is the units digit of 243244038?
8
What is the ten millions digit of 2898289324?
9
What is the units digit of 5970548949?
9
What is the tens digit of 509423707?
0
What is the ten thousands digit of 948990018?
9
What is the hundred thousands digit of 154245624?
2
What is the tens digit of 9947176?
7
What is the tens digit of 738545347?
4
What is the hundred thousands digit of 48731898?
7
What is the thousands digit of 313040851?
0
What is the hundred millions digit of 140237254?
1
What is the units digit of 154098744?
4
What is the hundreds digit of 10301138?
1
What is the hundred thousands digit of 69660601?
6
What is the millions digit of 491104090?
1
What is the tens digit of 50212876?
7
What is the hundreds digit of 70519468?
4
What is the units digit of 243050453?
3
What is the tens digit of 146809326?
2
What is the thousands digit of 162162557?
2
What is the tens digit of 184071648?
4
What is the millions digit of 1357621575?
7
What is the hundred millions digit of 222298898?
2
What is the ten millions digit of 3412879330?
1
What is the hundred thousands digit of 332567391?
5
What is the thousands digit of 26917993?
7
What is the tens digit of 151524460?
6
What is the ten millions digit of 822152129?
2
What is the tens digit of 32109345?
4
What is the ten millions digit of 292851991?
9
What is the units digit of 1433051523?
3
What is the units digit of 776123035?
5
What is the millions digit of 543322510?
3
What is the hundred millions digit of 1425504453?
4
What is the units digit of 588069547?
7
What is the hundred thousands digit of 183011337?
0
What is the tens digit of 312324601?
0
What is the thousands digit of 228797486?
7
What is the ten millions digit of 354095731?
5
What is the ten millions digit of 99955696?
9
What is the thousands digit of 1182897553?
7
What is the units digit of 7816635119?
9
What is the units digit of 212389385?
5
What is the millions digit of 685283379?
5
What is the hundred millions digit of 476382941?
4
What is the thousands digit of 174846885?
6
What is the units digit of 169432328?
8
W